- (0 + -3)?
15
-20 + 22 + 2 + -9 - 2
-7
What is -25 + 27 - (0 - 2) - 8?
-4
Calculate -18 - -28 - (4 - -20).
-14
What is the value of -6 + -6 - (-20 + 7)?
1
Calculate 6 + (4 + -7 - 6).
-3
Evaluate (15 + 0 - (-78 - -80)) + -7.
6
What is the value of 19 + (-3 + 1 - (6 + -6) - 1)?
16
Evaluate (24 - (28 + -39)) + -21.
14
Calculate 0 - (11 - (2 - -5)) - 7.
-11
-12 + (16 + 2 + -13 - (-28 + 1))
20
What is -22 + (-8 + 0 - -51)?
21
Calculate 32 - (-36 - (-26 + -32)).
10
What is -21 - (-17 + 4) - -2?
-6
Evaluate 21 + -22 + 3 - -4.
6
What is -8 - (3 + (-7 - 1) + 10)?
-13
Calculate 5 + 0 + -8 + (-3 - -7) + -13.
-12
Calculate -11 + -10 + 2 + -7 + (-7 - -1).
-32
Calculate 4 - (-1 + 13) - (-19 - -2).
9
Calculate (-16 - (-8 - 13)) + (7 - 1).
11
What is (133 - 140) + -1 + -1 + -5?
-14
-19 + (6 - (0 + 4)) + 1
-16
(-13 - 15) + 8 + 13 + -26
-33
What is -391 + 430 + (1 - 20)?
20
What is the value of -10 - (-13 - -2) - (2 + -7)?
6
What is -2 + (-8 - (8 - 9)) + 0 - -23?
14
(-3 - (-3 - (-2 + -4))) + 1 + 7
2
What is 5 - -20 - (34 + -19)?
10
Calculate 6 + (-2 - 17) + (11 - 1).
-3
Evaluate -13 + (3 - 1) - (-137 - -144).
-18
Evaluate -4 + -11 - (1 - 6 - (2 + -4)).
-12
Evaluate -1 + -4 + 3 - (-10 - 6).
14
(3 - 38) + 37 + -34
-32
What is the value of 1 - -13 - (-13 - -23 - 9)?
13
What is 9 - (3 - (-2 + -4 + 11))?
11
Calculate (36 - (-8 - -44)) + 12 + -2.
10
Calculate 12 + (-14 - (1 + -6)).
3
What is (13 + -4 - 3) + -5 + 6?
7
Calculate (8 + 21 - 11) + -12.
6
(95 - 92) + (-17 - (4 - 8))
-10
Calculate -2 - 5 - (122 + -141).
12
Evaluate 15 - (25 + (-18 - -11)).
-3
-10 + (-9 - -22 - 3) + -8
-8
What is -19 + 15 + 12 + 4 + 16 + -23?
5
Evaluate -6 - (-24 - -12 - -2).
4
Calculate (4 - -2) + -1 - 7 - -9.
7
What is (6 - 7 - -10) + -9 + 0?
0
Evaluate 167 - 149 - (-2 - (-3 - -4)).
21
(11 + -20 - -1) + 0 + -12
-20
0 + 9 + -1 + -6 - -11
13
Calculate 1 - -7 - (-18 + 43 + -3).
-14
Calculate 5 + 7 + (-46 - -48).
14
Calculate -3 - 0 - (-13 - (-17 + 18 + -21)).
-10
What is -32 - (7 - 43) - (1 + 0 + -10)?
13
Calculate -14 + (24 - (16 - 9)).
3
Calculate (-15 - 2) + (-7 - -2 - -8 - 0).
-14
8 + 3 + (-17 - -3)
-3
What is the value of -34 + 25 + -26 + 29 + -13?
-19
What is 43 + (-5 - 4 - 13)?
21
1443 - 1431 - (-9 + -1)
22
Evaluate -5 - (1 + 1 + 79 + -81).
-5
Evaluate -11 + (1 - (-3 - -1) - (-8 - -6)).
-6
Evaluate -7 + -3 + 1 - (-137 + 129) - 16.
-17
Calculate 1 - (-13 - (13 + -8 + -10)).
9
Calculate 2 + 0 - -3 - (8 + 1 - 3).
-1
Evaluate (23 - 2) + (-2 - 7 - -3 - -5).
20
What is the value of 6 + 12 + -11 - (4 - -14)?
-11
Evaluate -12 + -18 + 51 + 18.
39
-3 + (0 - (-9 + (-7 - (-27 - -8))))
-6
Calculate -18 + (13 - -7 - 1).
1
Evaluate 2 + 2 + (-3 + 7 + -27 - -8).
-11
What is (-4 + 2 - 6) + 7?
-1
Evaluate (8 - (15 - 5)) + -6 + -17.
-25
Calculate (3 - (-8 + 5 + 10)) + (1 - -5).
2
6 - (7 + (-3 - (7 + -4)) + 5)
0
Calculate 10 + (-144 + 155 - (39 + (4 - 2))).
-20
Calculate (-5 - 22) + 13 + 23.
9
What is the value of -5 - (-7 - (-2 - 4) - 0)?
-4
Calculate 6 + (-3 - 1) + -38 + 42 + -24.
-18
What is the value of 5 + 15 + -1 + -21?
-2
Calculate 15 + -2 + (9 + -8 - 10) + 5.
9
(-2 - (1 + 1)) + -23 + 17 + 2
-8
13 - (4 - -1) - (20 + -17)
5
Calculate 10 + (11 - 4 - (4 - (-5 - -5))).
13
Evaluate (-26 - (-18 + 4) - (-11 + 1)) + -17.
-19
Calculate 25 + (-19 - 5) + -1 + -1 + 14.
13
14 + (-15 - 4) + 0
-5
Calculate 8 - (10 + -6 + 6 + -4).
2
Evaluate -7 - (-2 + 6 + 7).
-18
What is 0 - 18 - (-16 + (10 - 5)) - -7?
0
Evaluate -3 - 0 - (629 - 644).
12
What is -73 - -50 - (-2 + -15)?
-6
5 - (3 + 1) - (3 + -10)
8
(12 - (-8 + 13)) + -3
4
What is (-4 + 3 - (13 + -7 + -4)) + -13?
-16
What is (0 - 0 - 6) + 1 - (-418 + 405)?
8
-1 - ((-16 - (-6 - 2)) + -10)
17
What is the value of 2 - (10 + -1 + (195 - 217))?
15
16 - ((-5 - -33) + 5)
-17
Evaluate (6 - (7 - 3)) + 14 + -14 + 15.
17
What is -2 + 3 - (33 + -15)?
-17
Calculate -815 - -822 - (13 - 1).
-5
What is (-6 - -19) + 4 + -31?
-14
What is 12 - (-18 - (-54 + 15))?
-9
What is -1 - -2 - ((-34 - -48) + -16)?
3
0 + 2 + 6 + -4 + -65 + 42
-19
What is -12 - (-32 - (21 - 42))?
-1
What is the value of -5 + (10 - -15 - 45)?
-25
What is (0 - 3) + (-2 - (20 + -36))?
11
Calculate 4 - 3 - (-5 + (35 - 26)).
-3
23 - ((38 - -9) + -6)
-18
What is the value of 24 - (33 - 11) - (5 - 3 - 22)?
22
What is the value of 12 + 0 + (-3 - 1) - (26 + -23)?
5
What is -12 - (10 - -6 - 39) - 39?
-28
What is 2 + (3 + 17 - 6) - 5?
11
Calculate -29 - 8 - (-59 - 7).
29
What is the value of 9 + 0 - (20 - (3 + 13)) - 9?
-4
What is 6 - (-19 + 4 - -22)?
-1
(34 - (-18 - -50)) + 1
3
Evaluate 10 - (-1 + (-11 - (3 - 10 - -5))).
20
What is 11 - 1 - (1513 + -1522)?
19
What is the value of 1 - (2 - 17) - (72 - 65)?
9
What is (3 - (4 - (0 + 4) - -1)) + 8?
10
What is the value of (8 - 11) + (-11 - 1) + 44?
29
What is the value of 19 - (9 - -15 - -3)?
-8
What is the value of (4 - -23 - 7) + -5?
15
What is -40 - -32 - (-27 + 4)?
15
Calculate -18 + 4 + 116 + -93.
9
1 + 18 - (187 + -163)
-5
22 - (1 + 12 + 24)
-15
Calculate (-4 - 3) + 47 - (4 - (9 + -10)).
35
Calculate -4 - (50 - 28) - (3 + 0 - 7).
-22
Evaluate (9 - 23) + -1 + 2 + 12 + -8.
-9
Evaluate ((-4 - (4 - -2)) + 4 - -25) + -6.
13
What is the value of -5 + -4 + -3 + 8?
-4
10 + (-3 - (-7 - (-19 - (2 + -11))))
4
-118 + 118 - ((-2 - -38) + (-4 - -5))
-37
What is the value of (-16 - -30) + (5 - 15)?
4
What is the value of 4 + (-16 - (-25 + 10))?
3
Calculate -3 + (8 + -2 - 0 - (-52 - -37)).
18
What is the value of 0 + (13 - 12) + -2?
-1
What is the value of 0 - (6 + -5) - (1 + 0 + -7)?
5
Calculate -48 + 61 + (33 - 22).
24
Calculate (-9 - -6 - -8 - 10) + -1.
-6
9 + -2 + 16 + -47
-24
Evaluate -3 - 25 - -37 - 18.
-9
Calculate -36 + 91 + -41 + -48 + 3.
-31
Evaluate 12 + (-137 + 130 - (-2 + 3 + -7)).
11
What is the value of 2 + 5 + (-39 + 11 - -13)?
-8
Calculate (2 - -20 - -1) + (8 - 0 - 8).
23
3 - -5 - 1 - -3
10
Calculate -18 - 93 - -78 - (0 + 1 + -1).
-33
Calculate -16 + 18 + 1 + (3 - -5).
11
What is (-17 - 1) + (30 + 14 - 48)?
-22
Evaluate 1 - (-7 + 16 + 7 + -17).
2
(-9 + 29 - 24) + 17 + 2
15
Calculate -10 + (34 + 1 - 11).
14
What is -3 + -1 + 45 + (-459 - -439)?
21
-15 + 20 + (-2 - 4)
-1
-101 + (21 - -38) + (9 - 1)
-34
-15 + 16 - (24 - 7)
-16
Calculate 19 + -13 + 6 + 9.
21
Evaluate -9 + (-30 - (-38 - 5)).
4
What is 49 + -62 + (-9 - -13 - (0 - -1))?
-10
28 + -24 - (-2 - -10) - -1
-3
Calculate 0 + (2 + -10 - (104 + -70) - -6).
-36
What is (-38 - -31) + -7 + -2?
-16
What is the value of -18 - ((1 - -5) + 2 + -8) - -2?
-16
Calculate -22 + 31 - (15 + 4 + -3).
-7
-4 - (10 - (27 - 9))
4
Calculate (1 - (10 + 1)) + (721 - 713).
-2
What is 12 + -7 + 8 + (11 - 26)?
-2
What is 4 - (3 - (-1 + 4)) - (-7 - -15)?
-4
What is the value of -2 + 0 + (0 - 6 - (4 + -24))?
12
What is the value of -3 - (-7 + -4 - 4)?
12
Evaluate 27 + (22 - (-20 - -39)).
30
Evaluate 85 - 80 - ((-3 - -1) + 5).
2
What is the value of (-11 - -9) + -6 + 6?
-2
(11 - (1 - (-3 - 7))) + 4
4
1 + -8 - (-88 - -86) - (11 - -1)
-17
Evaluate 5 + 6 + -3 + -5 + (-2 - -1).
2
(-12 - 5) + 12 - (1 + -1)
-5
Calculate -8 + (2 - (1 + 7 + 0 + 1)).
-15
What is the value of (9 - 2) + -54 + 39 + -7?
-15
Evaluate 1 - ((10 - (7 - 1)) + -8).
5
Evaluate (-21 - (-11 - 21)) + -12 - (22 + 0).
-23
What is the value of -12 + 9 - 1 - (-37 + 16)?
17
Calculate 2 - (10 + 0 + -14 - (-3 + -1)).
2
What is the value of 24 + (-5 - 10) - 9?
0
What is the value of 5 + (5 + -2 + -7 + -2 - -14)?
13
Evaluate 0 - (0 + -8 - -2 - 3).
9
Calculate -13 + -1 + 6 + 14.
6
Evaluate 18 + -45 + 52 + -22.
3
What is the value of 1 + 3 - (393 - 396)?
7
What is -12 - (9 + 5 + -10 - 7)?
-9
What is the value of (12 - 9) + -14 - -11?
0
Evaluate (178 - 183 - (-5 + 1)) + -1 - 13.
-15
Evaluate (-40 - (-28 + 14)) + 17.
-9
(27 - 65 - -17) + -3
-24
Evaluate 1 + (-2 - -3) + (3 - 21 - -8).
-8
(-8 - (-13 - -11)) + 6 + 17
17
What is the value of -2 - (17 - 8) - (7 - 14)?
-4
-4 - (10 + (-41 - -16 - 8))
19
Calculate 3 + (-17 - -2) + (-4 - -11).
-5
Calculate 56 - 81 - (1 - 20).
-6
What is the value of 7 - -1 - (-38 - (-73 - -27))?
0
What is the value of -69 + 59 + (0 - (-7 + -3))?
0
What is 0 + (0 + -5 - (-4 - -3) - 1)?
-5
Evaluate 2 - (8 + -2 + -5 - (1 - 2)).
0
8 + 1 - (-4 + 16 + -9)
6
Evaluate 2 + 1 + -6 - -5 - 12.
-10
Calculate 11 - (-1 - (-8 + 0) - 8).
12
What is -185 + 177 + (7 - 2) - (2 - -1)?
-6
C